{"id":3752,"date":"2017-01-23T13:31:23","date_gmt":"2017-01-23T13:31:23","guid":{"rendered":"https:\/\/coccem.org.br\/2023\/?page_id=3752"},"modified":"2023-04-10T16:15:52","modified_gmt":"2023-04-10T16:15:52","slug":"acoes-afirmativas","status":"publish","type":"page","link":"https:\/\/coccem.org.br\/2023\/acoes-afirmativas\/","title":{"rendered":"A\u00e7\u00f5es Afirmativas"},"content":{"rendered":"<h4 style=\"text-align: center;\">RESULTADO | A\u00c7\u00d5ES AFIRMATIVAS<\/h4>\n<p>&nbsp;<\/p>\n<p><strong>ORIENTA\u00c7\u00d5ES:<\/strong><\/p>\n<p>\u2013 Os classificados ter\u00e3o a isen\u00e7\u00e3o total da taxa de inscri\u00e7\u00e3o do evento. A inscri\u00e7\u00e3o ser\u00e1 realizada internamente pela secretaria da Abem e poder\u00e1 ser consultada no painel do congressista no menu: <strong>Inscri\u00e7\u00f5es -&gt; Minhas Inscri\u00e7\u00f5es<\/strong>, ap\u00f3s o dia 11\/04\/23<\/p>\n<p>&nbsp;<\/p>\n<p><strong>LISTA DE CLASSIFICA\u00c7\u00c3O (somente as iniciais do nome e data de nascimento):<\/strong><\/p>\n<p>&#8211; Nome: Y.S.F.S | Data de Nasc.: 01\/07\/1998<br \/>\n&#8211; Nome: B.F.M | Data de Nasc.: 23\/03\/2001<br \/>\n&#8211; Nome: S.R.B.J | Data de Nasc.: 15\/07\/1989<br \/>\n&#8211; Nome: G.L.D.F.B | Data de Nasc.: 02\/12\/2000<br \/>\n&#8211; Nome: L.O.R | Data de Nasc.: 19\/11\/2002<br \/>\n&#8211; Nome: M.L.R.D | Data de Nasc.: 24\/06\/2002<br \/>\n&#8211; Nome: C.H.P | Data de Nasc.: 31\/12\/1995<br \/>\n&#8211; Nome: L.S.M | Data de Nasc.: 17\/09\/1995<br \/>\n&#8211; Nome: J.P.C.L | Data de Nasc.: 17\/04\/2001<br \/>\n&#8211; Nome: J.D.P | Data de Nasc.: 05\/01\/1998<\/p>\n<h4>&nbsp;<\/h4>\n<hr>\n<h4 style=\"text-align: center;\">EDITAL DE A\u00c7\u00d5ES AFIRMATIVAS<br \/>\n8\u00ba CONGRESSO CARIOCA E CAPIXABA DE EDUCA\u00c7\u00c3O M\u00c9DICA<\/h4>\n<h4 style=\"text-align: center;\">Tema Central:<br \/>\nCuidado integral e responsabilidade social: caminhos de uma forma\u00e7\u00e3o m\u00e9dica cidad\u00e3<\/h4>\n<hr>\n<p>&nbsp;<\/p>\n<p style=\"text-align: left;\"><strong>1. DO EVENTO<\/strong><br \/>\n<strong>1.1.<\/strong> As regras a seguir dizem respeito a a\u00e7\u00f5es afirmativas para inscri\u00e7\u00f5es no 8\u00ba Congresso Carioca e Capixaba de Educa\u00e7\u00e3o M\u00e9dica, que ocorrer\u00e1 dos dias <strong>02\/06\/2023 a 04\/06\/2023<\/strong>, em Vit\u00f3ria-ES.<\/p>\n<p>&nbsp;<\/p>\n<p style=\"text-align: left;\"><strong>1.2.<\/strong> A realiza\u00e7\u00e3o do edital de a\u00e7\u00f5es afirmativas tem por objetivo criar oportunidade para que estudantes se inscrevam com isen\u00e7\u00e3o de taxa de inscri\u00e7\u00e3o no COCCEM. Diante das desigualdades e opress\u00f5es que historicamente organizaram nossa sociedade, o edital buscar\u00e1 ter no horizonte o combate a essas quest\u00f5es estruturantes na distribui\u00e7\u00e3o destas vagas, objetivando um congresso mais representativo e plural.<\/p>\n<p>&nbsp;<\/p>\n<p><strong>2. DAS VAGAS<\/strong><br \/>\n<strong>2.1.<\/strong> Ser\u00e3o disponibilizadas <strong>20 vagas<\/strong> para estudantes da Regional Rio de Janeiro e Esp\u00edrito Santo.<\/p>\n<p>&nbsp;<\/p>\n<p><strong>2.2.<\/strong> As vagas contemplam estudantes de medicina devidamente matriculados em Institui\u00e7\u00e3o de Ensino Superior (IES) autorizadas pelo Minist\u00e9rio da Educa\u00e7\u00e3o.<\/p>\n<p>&nbsp;<\/p>\n<p><strong>2.3.<\/strong> O estudante contemplado com uma das vagas deste edital ter\u00e1 sua inscri\u00e7\u00e3o realizada no 8\u00ba COCCEM com <strong>isen\u00e7\u00e3o completa do valor da inscri\u00e7\u00e3o e do alojamento estudantil.<\/strong><\/p>\n<p>&nbsp;<\/p>\n<p style=\"text-align: left;\"><strong>3. DA INSCRI\u00c7\u00c3O<\/strong><br \/>\n<strong>3.1.<\/strong> O candidato dever\u00e1 se inscrever no Edital atrav\u00e9s do preenchimento do link: <a href=\"https:\/\/forms.gle\/dnqDA89X6d5hCVAz8\" target=\"_blank\" rel=\"noopener\">https:\/\/forms.gle\/dnqDA89X6d5hCVAz8<\/a><\/p>\n<p>&nbsp;<\/p>\n<p style=\"text-align: left;\"><strong>3.2.<\/strong> N\u00e3o ser\u00e3o aceitas inscri\u00e7\u00f5es realizadas ou solicitadas por qualquer outro meio que n\u00e3o o especificado no Item 3.1.<\/p>\n<p>&nbsp;<\/p>\n<p style=\"text-align: left;\"><strong>3.3.<\/strong> A inscri\u00e7\u00e3o dos candidatos neste edital se encerrar\u00e1 em <span style=\"color: #ff0000;\"><strong>31\/03\/2023 \u00e0s 23:59h<\/strong><\/span> (hor\u00e1rio de Bras\u00edlia).<\/p>\n<p>&nbsp;<\/p>\n<p style=\"text-align: left;\"><strong>3.4.<\/strong> O Edital contemplar\u00e1 apenas candidatos que ainda <strong>n\u00e3o pagaram<\/strong> sua inscri\u00e7\u00e3o no COCCEM.<\/p>\n<p>&nbsp;<\/p>\n<p style=\"text-align: left;\"><strong>3.5.<\/strong> Os candidatos que se inscreverem no Edital e j\u00e1 tiverem efetuado o pagamento de suas inscri\u00e7\u00f5es ser\u00e3o desclassificados, haja visto n\u00e3o estar previsto reembolso do valor de inscri\u00e7\u00e3o.<\/p>\n<p>&nbsp;<\/p>\n<p style=\"text-align: left;\"><strong>4. DA PONTUA\u00c7\u00c3O<\/strong><br \/>\n<strong>4.1.<\/strong> A pontua\u00e7\u00e3o do candidato ser\u00e1 contabilizada a partir do preenchimento do formul\u00e1rio especificado no Item 3.1.<\/p>\n<p>&nbsp;<\/p>\n<p style=\"text-align: left;\"><strong>4.2.<\/strong> Cada candidato poder\u00e1 pontuar uma vez em cada um dos crit\u00e9rios, desde que preencha e envie as documenta\u00e7\u00f5es comprobat\u00f3rias definidas no item 5.<\/p>\n<p>&nbsp;<\/p>\n<p style=\"text-align: left;\"><strong>4.3.<\/strong> Os itens que pontuam no question\u00e1rio de inscri\u00e7\u00e3o s\u00e3o:<\/p>\n<p style=\"text-align: left;\"><strong><br \/>\n\u2013 CRIT\u00c9RIO ASSOCIATIVO \u2013<\/strong><\/p>\n<p><strong>&#8212;<\/strong>&nbsp;Ser Associado Adimplente da ABEM | +10 pontos<br \/>\n<strong>&#8212;<\/strong>&nbsp;Ser Associado N\u00e3o Adimplente da ABEM | +05 pontos<br \/>\n<strong>&#8212;<\/strong>&nbsp;N\u00e3o ser Associado da ABEM | +0 pontos<\/p>\n<p>&nbsp;<\/p>\n<p><strong>\u2013 CRIT\u00c9RIO G\u00caNERO \u2013<\/strong><\/p>\n<p><strong>&#8212;<\/strong>&nbsp;Homem Trans | +10 pontos<br \/>\n<strong>&#8212;<\/strong>&nbsp;Homem Cis | +0 pontos<br \/>\n<strong>&#8212;<\/strong>&nbsp;Mulher Trans | +10 pontos<br \/>\n<strong>&#8212;<\/strong>&nbsp;Mulher Cis | +0 pontos<br \/>\n<strong>&#8212;<\/strong>&nbsp;Pessoa N\u00e3o-bin\u00e1ria | + 05 pontos<\/p>\n<p>&nbsp;<\/p>\n<p><strong>\u2013 CRIT\u00c9RIO COR\/ETNIA \u2013<\/strong><\/p>\n<p><strong>&#8212;<\/strong> Branca(o) | +0 pontos<br \/>\n<strong>&#8212;<\/strong> Parda(o) | +10 pontos<br \/>\n<strong>&#8212;<\/strong> Preta(o) | +10 pontos<br \/>\n<strong>&#8212;<\/strong> Amarela(o) | +10 pontos<br \/>\n<strong>&#8212;<\/strong> Ind\u00edgena | +10 pontos<\/p>\n<p>&nbsp;<\/p>\n<p><strong>\u2013 CRIT\u00c9RIO BOLSISTA \u2013<\/strong><\/p>\n<p><strong>&#8212;<\/strong> Bolsista ProUni\/FIES\/Institucional | +10 pontos<br \/>\n<strong>&#8212;<\/strong> Bolsista de assist\u00eancia\/perman\u00eancia estudantil na IES | +10 pontos<\/p>\n<p>&nbsp;<\/p>\n<p><strong>\u2013 CRIT\u00c9RIO PERCURSO ESTUDANTIL \u2013<\/strong><\/p>\n<p><strong>&#8212;<\/strong> Ensino Fundamental (completo ou n\u00e3o) em Escola P\u00fablica | +05 pontos<br \/>\n<strong>&#8212;<\/strong> Ensino M\u00e9dio (completo ou n\u00e3o) em Escola P\u00fablica | +05 pontos<\/p>\n<p>&nbsp;<\/p>\n<p><strong>\u2013 CRIT\u00c9RIO RENDA \u2013<\/strong><\/p>\n<p><strong>&#8212;<\/strong> Renda per capita familiar menor que 1 sal\u00e1rio-m\u00ednimo | +10 pontos<br \/>\n<strong>&#8212;<\/strong> Renda per capita familiar entre 1 e 2 sal\u00e1rios-m\u00ednimos | +05 pontos<br \/>\n<strong>&#8212;<\/strong> Renda per capita familiar maior que 2 sal\u00e1rios-m\u00ednimos | +0 pontos<\/p>\n<p>&nbsp;<\/p>\n<p><strong>\u2013 OUTROS CRIT\u00c9RIOS \u2013<\/strong><\/p>\n<p><strong>&#8212;<\/strong> Pessoa com defici\u00eancia | +10 pontos<br \/>\n<strong>&#8212;<\/strong> Pessoas refugiadas\/ em situa\u00e7\u00e3o de migra\u00e7\u00e3o compuls\u00f3ria | +10 pontos<\/p>\n<p>&nbsp;<\/p>\n<p><strong>5. DA COMPROVA\u00c7\u00c3O DAS INFORMA\u00c7\u00d5ES<\/strong><br \/>\n<strong>5.1.<\/strong> Para comprova\u00e7\u00e3o das informa\u00e7\u00f5es declaradas ser\u00e3o necess\u00e1rios documentos espec\u00edficos para cada crit\u00e9rio.<\/p>\n<p>&nbsp;<\/p>\n<p><strong>5.2.<\/strong> Os itens dos 1. CRIT\u00c9RIOS G\u00caNERO, 2. COR\/ETNIA E 6. OUTROS CRIT\u00c9RIOS ser\u00e3o definidos por autodeclara\u00e7\u00e3o, n\u00e3o sendo assim necess\u00e1rio qualquer tipo de comprovante.<\/p>\n<p>&nbsp;<\/p>\n<p><strong>5.3.<\/strong> Dever\u00e1 ser anexada ao formul\u00e1rio descrito no Item 3.1 <strong>documento de Identidade com foto e comprovante de matr\u00edcula na IES no per\u00edodo vigente.<\/strong><\/p>\n<p>&nbsp;<\/p>\n<p><strong>5.4.<\/strong> Dever\u00e1 ser anexado ao formul\u00e1rio descrito no Item 3.1, caso o candidato se enquadre neste crit\u00e9rio, documento que comprove a condi\u00e7\u00e3o de bolsista (integral ou parcial) ProUni, FIES, ou por qualquer programa institucional de concess\u00e3o de bolsa.<\/p>\n<p>&nbsp;<\/p>\n<p><strong>5.5.<\/strong> Dever\u00e1 ser anexado ao formul\u00e1rio descrito no Item 3.1, caso o candidato se enquadre neste crit\u00e9rio, documento que comprove estudo durante ensino fundamental e\/ou m\u00e9dio em institui\u00e7\u00e3o p\u00fablica.<\/p>\n<p>&nbsp;<\/p>\n<p><strong>5.6.<\/strong> Dever\u00e1 ser anexado ao formul\u00e1rio descrito no Item 3.1, caso o candidato se enquadre neste crit\u00e9rio, documento que comprove ades\u00e3o a programa de a\u00e7\u00e3o\/bolsa de assist\u00eancia\/perman\u00eancia estudantil.<\/p>\n<p>&nbsp;<\/p>\n<p><strong>5.7.<\/strong> O CRIT\u00c9RIO RENDA ser\u00e1 calculado pela divis\u00e3o da renda familiar total pelo n\u00famero de pessoas que vivem com esta renda, n\u00e3o sendo necess\u00e1rio o envio de documenta\u00e7\u00e3o comprobat\u00f3ria neste crit\u00e9rio.<\/p>\n<p>&nbsp;<\/p>\n<p><strong>5.8.<\/strong> O candidato ao se inscrever no edital declara que todas as informa\u00e7\u00f5es que enviou s\u00e3o verdadeiras e, por isso, pass\u00edveis de san\u00e7\u00f5es legais em caso de irregularidades.<\/p>\n<p>&nbsp;<\/p>\n<p><strong>5.9.<\/strong> O n\u00e3o envio dos documentos obrigat\u00f3rios do item 5.3 implica em desclassifica\u00e7\u00e3o do processo.<\/p>\n<p>&nbsp;<\/p>\n<p><strong>5.10.<\/strong> O n\u00e3o envio de quaisquer outros documentos comprobat\u00f3rios solicitados implica em n\u00e3o pontua\u00e7\u00e3o no respectivo crit\u00e9rio.<\/p>\n<p>&nbsp;<\/p>\n<p>&nbsp;<\/p>\n<p><strong>6. DA APROVA\u00c7\u00c3O\/CLASSIFICA\u00c7\u00c3O<\/strong><br \/>\n<strong>6.1.<\/strong> Ser\u00e3o aprovados todos os candidatos que fizerem mais do que 0 (zero) pontos.<\/p>\n<p>&nbsp;<\/p>\n<p>&nbsp; &nbsp; &nbsp; &nbsp; <span style=\"color: #ff0000;\"><strong>6.1.1<\/strong>. A pontua\u00e7\u00e3o pelos CRIT\u00c9RIOS ASSOCIATIVOS isoladamente n\u00e3o servir\u00e1 para aprova\u00e7\u00e3o do candidato. Mesmo que seja associado da ABEM (adimplente ou n\u00e3o adimplente), o candidato deve pontuar em algum outro crit\u00e9rio para&nbsp;ser&nbsp;aprovado.<\/span><\/p>\n<p>&nbsp;<\/p>\n<p><strong>6.2.<\/strong> Ser\u00e3o classificados tantos candidatos quanto \u00e0s vagas dispon\u00edveis.<\/p>\n<p>&nbsp;<\/p>\n<p><strong>6.3.<\/strong> A classifica\u00e7\u00e3o ser\u00e1 feita por ordem decrescente de pontua\u00e7\u00e3o.<\/p>\n<p>&nbsp;<\/p>\n<p><strong>6.4.<\/strong> Em caso de empate na pontua\u00e7\u00e3o, os crit\u00e9rios de desempate ser\u00e3o ESTAR ASSOCIADO ADIMPLENTE DA ABEM, seguido pela RENDA e depois o crit\u00e9rio BOLSISTA.<\/p>\n<p>&nbsp;<\/p>\n<p><strong>6.5.<\/strong> Mantendo-se o empate ser\u00e1 considerado a maior idade (em anos) como crit\u00e9rio de desempate.<\/p>\n<p>&nbsp;<\/p>\n<p><strong>6.6.<\/strong> <strong>O resultado deste Edital ser\u00e1 divulgado em <span style=\"color: #ff0000;\">10\/04\/2023<\/span>.<\/strong><\/p>\n<p>&nbsp;<\/p>\n<p><strong>6.7.<\/strong> N\u00e3o ser\u00e1 divulgado o nome completo de qualquer candidato nas m\u00eddias da ABEM.<\/p>\n<p>&nbsp;<\/p>\n<p><strong>6.8.<\/strong> A lista de classifica\u00e7\u00e3o ser\u00e1 identificada por iniciais do nome do candidato e data de nascimento<\/p>\n<p>&nbsp;<\/p>\n<p><strong>6.9.<\/strong> A Comiss\u00e3o Organizadora do COCCEM entrar\u00e1 em contato com cada um dos candidatos por e-mail para esclarecimento dos procedimentos de inscri\u00e7\u00e3o.<\/p>\n<p>&nbsp;<\/p>\n<p><strong>7. DO CRONOGRAMA<\/strong><br \/>\nOs prazos se encerram \u00e0s 23:59 de cada dia, hor\u00e1rio de Bras\u00edlia (DF).<\/p>\n<p><strong>\u2013 IN\u00cdCIO DO PRAZO PARA INSCRI\u00c7\u00c3O: <span style=\"color: #ff0000;\">23\/02\/2023<\/span><\/strong><br \/>\n<strong>\u2013 FIM DO PRAZO PARA INSCRI\u00c7\u00c3O: <span style=\"color: #ff0000;\">31\/03\/2023<\/span><\/strong><br \/>\n<strong>\u2013 DIVULGA\u00c7\u00c3O DO RESULTADO DO EDITAL: <span style=\"color: #ff0000;\">10\/04\/2023<\/span><\/strong><\/p>\n<p>&nbsp;<\/p>\n<p><strong>8. DO CRONOGRAMA<\/strong><br \/>\n<strong>8.1.<\/strong> Os estudantes inscritos na pol\u00edtica de a\u00e7\u00f5es afirmativas e n\u00e3o contemplados neste edital, caso desejem participar do 8\u00ba COCCEM pagar\u00e3o o valor de inscri\u00e7\u00e3o correspondente ao primeiro lote de inscri\u00e7\u00f5es.<\/p>\n<p>&nbsp;<\/p>\n<p><strong>8.2.<\/strong> A Comiss\u00e3o Organizadora reserva-se o direito de cancelar, interromper, suspender ou adiar este edital no todo ou em parte, em caso fortuito ou de for\u00e7a maior.<\/p>\n<p>&nbsp;<\/p>\n<p><strong>8.3.<\/strong> Os candidatos reconhecem e declaram, assumindo todas as responsabilidades legais, de forma irrevog\u00e1vel e irretrat\u00e1vel, que todas as informa\u00e7\u00f5es fornecidas s\u00e3o verdadeiras e correspondem \u00e0 realidade.<\/p>\n<p>&nbsp;<\/p>\n<p><strong>8.4.<\/strong> A Comiss\u00e3o Organizadora \u00e9 incontestavelmente soberana nas suas decis\u00f5es, inexistindo a possibilidade de recursos ou manifesta\u00e7\u00f5es de qualquer esp\u00e9cie neste Congresso.<\/p>\n<p>&nbsp;<\/p>\n<p><strong>8.5.<\/strong> A inscri\u00e7\u00e3o neste edital, desde que cumprindo as condi\u00e7\u00f5es aqui apresentadas, j\u00e1 caracteriza a aceita\u00e7\u00e3o irrestrita a todas as regras previstas.<\/p>\n<p>&nbsp;<\/p>\n<p><strong>8.6.<\/strong> Os casos aqui omissos ser\u00e3o analisados pela Comiss\u00e3o de A\u00e7\u00f5es Afirmativas.<\/p>\n<p>&nbsp;<\/p>\n<p style=\"text-align: right;\">Esp\u00edrito Santo, 23 de fevereiro de 2023<\/p>\n<p style=\"text-align: right;\"><strong>8\u00ba Congresso e Capixaba de Educa\u00e7\u00e3o M\u00e9dica<\/strong><br \/>\nComiss\u00e3o Organizadora<\/p>\n<p>&nbsp;<\/p>\n<hr>\n<p>&nbsp;<\/p>\n","protected":false},"excerpt":{"rendered":"RESULTADO | A\u00c7\u00d5ES AFIRMATIVAS &nbsp; ORIENTA\u00c7\u00d5ES: \u2013 Os classificados ter\u00e3o a isen\u00e7\u00e3o total da taxa de inscri\u00e7\u00e3o do evento. A inscri\u00e7\u00e3o ser\u00e1 realizada internamente pela secretaria da Abem e poder\u00e1 ser consultada no painel do congressista no menu: Inscri\u00e7\u00f5es -&gt; Minhas Inscri\u00e7\u00f5es, ap\u00f3s o dia 11\/04\/23 &nbsp; LISTA DE CLASSIFICA\u00c7\u00c3O (somente as iniciais do nome&#8230; <a class=\"view-article\" href=\"https:\/\/coccem.org.br\/2023\/acoes-afirmativas\/\">Ver artigo<\/a>","protected":false},"author":2,"featured_media":3556,"parent":0,"menu_order":20,"comment_status":"closed","ping_status":"closed","template":"template_institutional.php","meta":[],"acf":[],"_links":{"self":[{"href":"https:\/\/coccem.org.br\/2023\/wp-json\/wp\/v2\/pages\/3752"}],"collection":[{"href":"https:\/\/coccem.org.br\/2023\/wp-json\/wp\/v2\/pages"}],"about":[{"href":"https:\/\/coccem.org.br\/2023\/wp-json\/wp\/v2\/types\/page"}],"author":[{"embeddable":true,"href":"https:\/\/coccem.org.br\/2023\/wp-json\/wp\/v2\/users\/2"}],"replies":[{"embeddable":true,"href":"https:\/\/coccem.org.br\/2023\/wp-json\/wp\/v2\/comments?post=3752"}],"version-history":[{"count":9,"href":"https:\/\/coccem.org.br\/2023\/wp-json\/wp\/v2\/pages\/3752\/revisions"}],"predecessor-version":[{"id":3829,"href":"https:\/\/coccem.org.br\/2023\/wp-json\/wp\/v2\/pages\/3752\/revisions\/3829"}],"wp:featuredmedia":[{"embeddable":true,"href":"https:\/\/coccem.org.br\/2023\/wp-json\/wp\/v2\/media\/3556"}],"wp:attachment":[{"href":"https:\/\/coccem.org.br\/2023\/wp-json\/wp\/v2\/media?parent=3752"}],"curies":[{"name":"wp","href":"https:\/\/api.w.org\/{rel}","templated":true}]}}